 Let x(s) = s**3 + 8*s**2 - 9*s + 1. Let t be x(-9). Let d be h(t). List the prime factors of (2 - (-4 - d))*128/3.
2
Let k(c) = 29*c**3 - 2*c**2 - 29*c - 4. List the prime factors of k(5).
2, 3, 571
Let l(c) = 2 + c**2 + 17*c**3 + c**2 - 2*c - c. Suppose -d + 1 = -0. What are the prime factors of l(d)?
2, 3
Suppose 2*d - 110 = 802. Suppose -4*h = -5*y + 2238, -5*h - d = -12*y + 11*y. List the prime factors of y.
2, 223
Let q be 0 + ((-20)/(-4) - 2). Suppose 3 = q*t - 15. Suppose t*p = p + 210. List the prime factors of p.
2, 3, 7
Suppose 0 = 2*k + 2296 - 10082. List the prime factors of k.
17, 229
Suppose 6*b - 158660 = 4*b - 5*u, -8*u = b - 79352. List the prime factors of b.
2, 3, 5, 661
Let l(g) = -352*g + 1176. What are the prime factors of l(-22)?
2, 5, 223
Suppose 61 = -2*q - 2*g + 241, 0 = 4*g + 4. Suppose 267 = -5*k + 4*v, -k + v + 9 = 63. Let i = k + q. List the prime factors of i.
2, 5
What are the prime factors of 20/(-16)*-1706 + 54/36?
2, 11, 97
Let n(d) = 10 - 2*d + 8*d**3 - 9*d**3 - 2 + 4 + 6*d**2. Let w be n(6). Let l(f) = -f + 12. List the prime factors of l(w).
2, 3
Suppose -f + 2*f - b = -2, -4*b + 3 = f. Let g = f + 6. Suppose -254 = -g*v + 431. List the prime factors of v.
137
Let t = -320 - -1846. List the prime factors of t.
2, 7, 109
Let v(i) = i**2 - 13*i - 9. Suppose -20 = -2*b - 3*h + 11, 0 = 3*b - 5*h - 37. Let g be v(b). What are the prime factors of g/(40/38 - 1)?
5, 19
Suppose -12*w + 38 = 2. Suppose 0 = w*k - 10*k + 1078. Let f = k - -53. What are the prime factors of f?
3, 23
Let j be 3/((-9)/(-7)) - 3/9. Let a be ((-7 - -7)/(j/(-1)))/1. Suppose a = -2*g + 3*g - 118. List the prime factors of g.
2, 59
Let u(q) = -43*q**2 - 2. Let i be u(1). What are the prime factors of -3*3/(i/80)?
2
Suppose -3*n = 25 + 23. Let q = n - -20. Suppose -q*f - 52 = -520. What are the prime factors of f?
3, 13
Let d(g) = 284*g**2 + 9*g - 54. What are the prime factors of d(8)?
2, 11, 827
Let c(j) = 2. Let d(h) = -88*h + 79. Let u(f) = -5*c(f) - d(f). List the prime factors of u(5).
3, 13
Suppose 917*b - 2693262 = 788*b. What are the prime factors of b?
2, 11, 13, 73
Let g(s) = -s**2 - 7*s + 8. Let w be (-6)/(-4)*14/(-3). Let c be w/(-7) + 7/(-1). What are the prime factors of g(c)?
2, 7
Let k(a) = -3*a - 24. Let c(p) = -3*p + 13. Let u be c(7). Let j be k(u). Suppose j*d = 6*d - 174. List the prime factors of d.
29
Suppose -1176 = 12*n - 4*n. Let u = -237 - n. Let k = u - -145. What are the prime factors of k?
5, 11
Suppose v + 12 = 13. Let a be v*8/6*1*-6. What are the prime factors of ((156/a)/(-3))/(4/40)?
5, 13
Let p(h) = -h**3 - 18*h**2 - h - 15. Let j be p(-18). Suppose -j*g + 461 = -37. List the prime factors of g/10 - (1 + 10/(-25)).
2
Let o = 2569 + 1936. List the prime factors of o.
5, 17, 53
Suppose 2*l - c + 2*c = 0, -2*l - 3*c = 0. Let x(n) = -8 + 4*n**3 - n**3 - n**3 + 96. List the prime factors of x(l).
2, 11
Suppose 0 = 25*a + 542 + 1558. Let p = 191 + a. What are the prime factors of p?
107
Suppose -4*a - 13 = q - 0*a, 5*q - 40 = a. Suppose -5*f = -o - 2813, q*o = 3*f + 5*o - 1692. List the prime factors of f.
2, 281
Suppose 0 = 5*c - 25, 4*c - 4430 = -0*h - 5*h. Suppose 0 = -25*i + 4*i + h. What are the prime factors of i?
2, 3, 7
Let w(t) = 2*t**2 - 5*t - 9. Let s be w(6). Suppose -35 = -3*b - 113. Let p = s + b. List the prime factors of p.
7
Suppose 426 = 36*x - 33*x. Suppose 3*u - x = -w, -4*u + 139 = 4*w - 413. What are the prime factors of w/3 + 4/6?
2, 23
Let o be -211 + ((-2)/2)/(-5 - -4). What are the prime factors of ((-4)/(-5))/((-4)/o)?
2, 3, 7
Let u = -362 + 350. List the prime factors of (-1 - (-30 - -3))*(-66)/u.
11, 13
Suppose 0 = b - 2*z + z - 36, -4*b = -5*z - 149. Suppose 0 = 19*a - b*a + 3096. List the prime factors of a.
2, 3, 43
Let d be (10/(-4) + 2)/(135/(-1620)). Let p = 8 - 6. Suppose -p*y = -d - 212. What are the prime factors of y?
109
Let i(h) = -145*h**3 + 2*h**2 - 101*h - 297. List the prime factors of i(-3).
3, 13, 101
Let y(j) = 1 + 0 - j + 3*j**2 - 22*j. Let q be y(13). Suppose 11*p - 429 - q = 0. List the prime factors of p.
2, 29
Let u = -565 + 597. List the prime factors of 1180/30*(u + -1 + 2).
2, 11, 59
Let w(l) = 115*l**2 - 97*l + 166. List the prime factors of w(-16).
2, 3, 577
Suppose 5*x + 3*b - 43673 = 4*b, -x - 4*b + 8722 = 0. What are the prime factors of x?
2, 11, 397
Suppose -3*c + 56376 = -7*i - 4174, -3*c - 5*i + 60466 = 0. List the prime factors of c.
7, 43, 67
Let f = -18 - -8. Let u be 4584/120 - (-8)/10. Let z = u + f. What are the prime factors of z?
29
Suppose 2*k = -2*x + 72504, 71294 = 2*k - 4*x - 1168. What are the prime factors of k?
5, 11, 659
What are the prime factors of ((-6)/9)/(15/(-12015)) + 2 + -1?
5, 107
Suppose 22*b = 19*b + 132. Let m(k) = b - 10*k - k**2 + k**2 + k**2. What are the prime factors of m(10)?
2, 11
Suppose -5*d + 2*n = -3*d - 8, 5*n = -d - 2. Suppose 4*p = d*o + 26, 8 = 7*o - 3*o. Suppose -7*w + p*w - 11 = 0. List the prime factors of w.
11
Suppose -68*l - 25*l = -355937 - 19783. What are the prime factors of l?
2, 5, 101
Let m = -140 + 185. Suppose 3*j - m = -0*j. List the prime factors of j.
3, 5
Suppose -8*f = -572*f + 7690140. List the prime factors of f.
3, 5, 101
Let m = 38 + -56. Let l(a) = -97*a**3 - 118*a**3 + 216*a**3 + 11*a + 15*a + 11 + 20*a**2. List the prime factors of l(m).
191
Let v(x) = -393*x**3 + 9*x**2 - 8*x - 93. What are the prime factors of v(-4)?
5, 7, 103
Let y = -2826 + 1634. Let b = 2166 + y. List the prime factors of b.
2, 487
Let y(c) = c**2 - 13*c - 165. Let z be ((-23)/(-2))/(71/(-142)). List the prime factors of y(z).
3, 13, 17
Suppose -3*h + 4*a = 2, 2*h - 5 - 9 = -5*a. Suppose 5*p + 2*g + 324 + 99 = 0, 87 = -p + h*g. Let n = -46 - p. What are the prime factors of n?
3, 13
Suppose 5*b - 352527 = 2*h, 0 = 2*b - 59*h + 64*h - 141034. What are the prime factors of b?
70507
Let z(h) = h**3 + 22*h**2 + 18*h - 45. Let p be z(-21). Suppose -1060 - 1208 = -p*k. List the prime factors of k.
2, 3, 7
Let m = 34 + -10. Suppose 0 = -3*k - 5*d + 234 + 69, -4*k = 3*d - 415. Suppose k = l + m. List the prime factors of l.
2, 41
Let w(d) be the second derivative of 2*d**3 - 6*d**2 + 25*d. Let g be w(-3). Let m = 85 + g. What are the prime factors of m?
37
Suppose b = 4*l - 5, l = -0*l + 1. Let c be (-4 + (-4 - 6))*b*49. Suppose -11*u = -997 - c. What are the prime factors of u?
3, 17
Let g = 108 - 200. Let z = -6 - g. List the prime factors of z.
2, 43
Suppose 26*j + 3319 = -399. Let h = -49 - j. List the prime factors of h.
2, 47
Suppose 4*n - 1490 = -2*v, 4*n - 2231 = 11*v - 14*v. Suppose -1544 - v = -5*u. What are the prime factors of u?
457
Let m(g) be the first derivative of g**4/4 - 20*g**3/3 + 9*g**2/2 - 48*g - 2874. Suppose 98 - 38 = 3*u. List the prime factors of m(u).
2, 3, 11
Suppose 2*h - 5*r = -34, -2*h + 4 = r + 26. Let g(f) = 872*f + 879. Let p be g(-1). List the prime factors of (64 - -2)*h/(-21)*p.
2, 3, 11
Suppose -2*c - 8*b + 20 = -7*b, 3*c - 3*b - 39 = 0. Suppose c*a + 2042 = 6222. What are the prime factors of a?
2, 5, 19
Suppose 2*u = -5*u + 238. Suppose 7 = -9*n + u. List the prime factors of n + 18/(-7)*(-392)/7.
3, 7
Let x = 7 + -258. Suppose c - 153 - 205 = -2*j, 2*c - 4*j - 724 = 0. Let a = c + x. List the prime factors of a.
109
Let i(h) = h + 1. Let v(b) = -b**2 + 5*b + 40. Let o(q) = -6*i(q) - v(q). List the prime factors of o(-24).
2, 397
Suppose 563 = 3*h + 2*w, 3*h - 14*w - 569 = -13*w. Suppose 0 = 6*f - 165 - h. What are the prime factors of f?
59
Suppose -65930 + 48485 + 170654 = 7*k. What are the prime factors of k?
43, 509
Let o(j) = j - 1. Let v(m) = -129*m + 23. Let q(n) = 2*o(n) - v(n). List the prime factors of q(2).
3, 79
Suppose -c - 3*t - 2*t = -1332, 4*c - 2*t - 5438 = 0. Let k = c - 934. What are the prime factors of k?
3, 47
Suppose 4*o - 5 = 7, -i - o = -44. Suppose -r + 4*r = -4*f + 32, -3*r + i = -5*f. Suppose -y - r + 61 = 0. List the prime factors of y.
7
Let a = 39 - 30. Let n(i) = -i**2 + 7*i + 23. Let m be n(a). Suppose 4*j = 4*g - 144, -j + m*j + 8 = 0. List the prime factors of g.
2, 17
Suppose 10*v + 6*v - 23936 = 0. Suppose 0 = -6*i + 14*i - v. List the prime factors of i.
11, 17
List the prime factors of (-45)/(-12)*(-40)/(-25) - -23145.
3, 7717
Let w